 457, -2*v = t - 259. Is t a composite number?
True
Is -6 + 9 - -22*(-699)/(-3) a prime number?
False
Suppose 9*z - 6*z = 0. Suppose 5*h + 0*h - 1450 = z. Is -2 + h*1/2 prime?
False
Let a(c) = -1 - 3 - c**3 + 15 + 9*c - 18*c**2. Is a(-20) a composite number?
False
Is 10/(-25) + (-155470)/(-50) a composite number?
False
Let u = -1 + 5. Suppose 0 = -3*i + 2*i + u*v + 86, -5*i + 355 = 5*v. Let l = i + 89. Is l a composite number?
False
Suppose -17205 = -9*f - 3966. Is f a composite number?
False
Is (1 - 0) + (-1 - 1 - -587) prime?
False
Let b(d) be the second derivative of -d**4/12 - d**3/3 - d**2/2 + 5*d. Let j be b(-2). Is 2 - 4 - (j - 50) composite?
True
Let k = 22 - 19. Suppose -5*x + 3428 = k*d, -2*x + 2*d = -2*d - 1392. Suppose -2*m + 5*h = -3*m + 154, -4*m + x = -4*h. Is m a prime number?
False
Suppose -2*v + 0*n + 5 = -n, 0 = -3*n - 15. Suppose 0*d = -3*d - 4*w + 459, v = -4*d + 4*w + 584. Is d a composite number?
False
Let q = 24 + -18. Suppose -5*c + 3*g = -2605, 1563 = q*c - 3*c - g. Is c composite?
False
Suppose -2*b - 3340 = -5*y + 3*b, -4*b + 3385 = 5*y. Is y prime?
True
Let q be (-12)/(-9)*(-6)/(-4). Suppose -7 - 1 = -q*w. Suppose w*u - 83 = 569. Is u a composite number?
False
Let l(u) be the second derivative of -u**3/6 - 3*u**2 - 4*u. Let g be l(-10). Suppose k - g*m - 47 = 0, m = 3*k - 5*k + 76. Is k prime?
False
Suppose o = -d + 1472, 1199 - 4142 = -2*d - 3*o. Let x = d - 652. Is x a prime number?
True
Suppose 1756 = -2*n - 4*q, -2*n + 4*q = -q + 1765. Let s = -207 - n. Is s prime?
True
Suppose -10*f + 12*f - 650 = 0. Suppose 10*d - 415 = f. Is d a composite number?
True
Let c(y) = -y**2 + 16*y + 98. Let z be c(21). Let d(u) = -4 - 2 - 10 - 50*u. Is d(z) prime?
False
Suppose -35*c + 72458 = -26207. Is c a prime number?
True
Let b be -40 + 10 + -4*1. Is 2*(-2 + 1) - (b - 53) a composite number?
True
Let m(l) = -2*l - 10. Let o be m(-7). Suppose -n + 0*u + 923 = -3*u, o*n - 3648 = u. Is n a prime number?
True
Suppose -3*h + 23513 = 4*h. Is h prime?
True
Let y = 15 + -72. Is y/(-38)*(-5756)/(-6) composite?
False
Suppose 4*v + 3*u - 4 - 2 = 0, v - 5*u = 13. Suppose -6 - 3 = v*q, -4*p - 5*q = -749. Is p a prime number?
True
Suppose -2*t + 32354 = -31*h + 28*h, -48557 = -3*t - 2*h. Is t composite?
False
Is (463491/28)/((-3)/(-12)) - -8 a prime number?
True
Let k = -41 + 44. Suppose n + 2*m - 46 - 167 = 0, -k*n = -5*m - 628. Is n prime?
True
Let m be 620/(-45) + (2 - 40/18). Let h(g) = -2*g**3 - 15*g**2 + 17*g + 23. Is h(m) prime?
True
Let l = -3703 + 16920. Is l composite?
False
Let g(i) = 60*i + 6. Let f be g(3). Suppose 8*v - f = 2*v. Is v a prime number?
True
Let f(s) = 2327*s**2 + 6*s. Is f(1) composite?
False
Let m = 12 - 13. Let j(d) = -3*d**3 - d**2. Let p be j(m). Is -3 + p + 167 + -3 a composite number?
False
Let a = 63 + -30. Suppose 5*o = o - 5*p + a, -18 = o - 4*p. Suppose o*k - 734 = -0*k. Is k a composite number?
False
Suppose -z - 1 = c, 3*z = 2*z. Is (0 + c)*(-659 - -4) a composite number?
True
Let x(q) = q**2 + 5*q + 1. Suppose 3*z + 2*a - 3 = 0, -3*z = -7*a + 2*a - 24. Suppose -4*i = z*p - 2*i + 20, 13 = -3*p + 5*i. Is x(p) a prime number?
True
Let v = -8764 - -18495. Is v a composite number?
True
Suppose 2*u - 11 = j, 2*j = -3*u - 0*j + 13. Is 12/(1 - u) - (-1503 - 1) a prime number?
False
Let k = 2530 + -1421. Is k a composite number?
False
Suppose 4*t = t - 4*m + 869, 0 = 5*t + 2*m - 1467. Let d = 1038 - t. Is d a composite number?
False
Is 3*3/27 - 84512/(-48) composite?
True
Let a(r) = 30*r**2 + 4*r - 5. Suppose 10*z - 28 = 12. Is a(z) a composite number?
False
Let k = -18 - -21. Suppose 773 = k*a - 1516. Is a prime?
False
Let i = 9081 + -470. Is i a composite number?
True
Suppose 522 = -2*q + 4*q. Let x be -3 + -6*(3 - 74). Suppose x = 3*k - l - 353, 2*l - q = -k. Is k a composite number?
True
Let j(q) = 402*q + 3. Let o be j(1). Suppose -t - 5*m = -o, -3*m + 8*m + 2085 = 5*t. Is t prime?
False
Suppose 27057 = 2*i + 5*m, -2*i + i + 2*m + 13533 = 0. Is i prime?
False
Suppose d + 4*d - 1670 = 0. Let y = 93 + d. Is y a composite number?
True
Let o(z) = -9*z**2 + 17*z - 8. Let x be o(-8). Let l be x/100 - (-2)/10. Let b(g) = -54*g + 8. Is b(l) prime?
False
Suppose -9*w + 25923 = -20994. Is w prime?
False
Let y be (-14)/(-6) + (10/15)/(-2). Suppose 3*k + y*k - 13675 = 0. Is k a prime number?
False
Let v be ((-315)/(-60))/((-6)/(-40)). Let u be ((-16)/14)/((-10)/v). Suppose -3*r - 4*z = -3929, u*r - 1354 = 5*z + 3926. Is r a composite number?
True
Suppose 573 = 3*h + c, -3*h + 6*h + 4*c - 564 = 0. Suppose h - 589 = -y. Is y a prime number?
True
Let i(q) = q**3 + 3*q**2 - 3*q - 6. Let t be i(-3). Let x(k) = -k + 10. Let g be x(t). Let w = g + 60. Is w a prime number?
True
Let h(z) = z**3 + 6*z**2. Let x be h(-6). Is -4 + 18 + 1 + x composite?
True
Suppose 3*v + 614 = 2*x, 240 = -5*x - 3*v + 1796. Suppose 1428 = 2*u - m + x, -12 = 3*m. Is u a prime number?
True
Let u(t) = 27*t**2 - 5. Let z(r) = r - 19. Let j be z(13). Is u(j) a composite number?
False
Let k = -196 + 126. Let g be 8/12 - k/(-6). Let d(z) = -2*z**3 - 17*z**2 - 8*z - 10. Is d(g) composite?
False
Is ((-1246)/21 - -7)*-3 a composite number?
False
Let k = -2359 - -8160. Is k composite?
False
Let h = -36625 + 51620. Is h prime?
False
Let m(p) = 6*p**2 + p + 5. Let y be 4/(-14) - 60/(-14). Let d be m(y). Suppose 2*i - x = d, 16 = i - 4*x - 19. Is i a composite number?
True
Suppose 39*q - 32*q = 322049. Is q prime?
False
Let j = -29 + 32. Let q(u) = 165*u + 7. Is q(j) a composite number?
True
Let h(o) = -o**2 + 6*o + 8. Let q be h(6). Let a be 6/q - 9/12. Suppose a*x = 3*x - 33. Is x prime?
True
Suppose -4 = h, 2*t + 2*h = -2*t - 20. Let v be 0/(-3 + (-2 - t)). Is 298*4/8 - v prime?
True
Let v = 7 + -1. Let g be -113 - 5/((-15)/v). Is 6/2*g/(-9) prime?
True
Let h(c) = c + 2. Suppose 5*j - 3*z - 5 = 32, 4*j + 4*z = 4. Let d be h(j). Suppose -d*o + 237 = -4*o. Is o a composite number?
False
Is 8/72 + (-2999550)/(-135) composite?
True
Suppose -50*a + 570713 + 203237 = 0. Is a prime?
False
Suppose 0 = 4*a + 8, -4*c + 36*a = 40*a - 2532. Is c composite?
True
Suppose -g = g + 2164. Let h = -408 - g. Is h a prime number?
False
Let x be (-4)/(3 + 1) - -33. Is (48/x)/(3/3974) a composite number?
False
Let x = 8423 + -1240. Is x composite?
True
Is -2 - -4831*2 - (-7 - -12) a composite number?
True
Let n(p) = -p**2 + 5*p. Let v be n(5). Suppose -3*a + 7*a - 1268 = v. Is a a composite number?
False
Suppose j - 3*i = 2936, 8775 = -22*j + 25*j + 2*i. Is j a composite number?
False
Let w = -4 - -2881. Let o = w - 2036. Is o a composite number?
True
Suppose 0 = -h + 2, 4*h - 1 = -3*j + 7. Suppose j = 6*k - 2007 - 1725. Is k composite?
True
Let f be 1/(((-7)/(-3))/(-7)). Is (-1390 + f)*(-1 - 0) + 4 a prime number?
False
Let r(z) = 24*z - 1. Let k be r(-1). Let w be 20/3*(-30)/k. Suppose 13*u - 190 = w*u. Is u composite?
True
Let l = 7444 + -4313. Is l prime?
False
Suppose y = -0*y + 2, -5*m + 4*y = 838. Let d = m + 264. Let q = d + -61. Is q prime?
True
Let k(q) = 3*q**3 + 6*q**2 + 7*q + 3. Let y(o) = 16*o**3 + 29*o**2 + 35*o + 15. Let l(r) = -11*k(r) + 2*y(r). Is l(-11) a composite number?
True
Let i be 6 + 1 - (-8 - -11). Suppose q + 957 = i*q. Is q a prime number?
False
Suppose 36783 = -10*q + 19*q. Is q a composite number?
True
Let k(i) = 60*i + 39. Let t(q) = 13*q - 30. Let u be t(3). Is k(u) composite?
True
Let q be (27/(-36))/((-2)/(-360)). Let j = q + 194. Let l = j - 40. Is l a prime number?
True
Suppose 14*d + n + 12498 = 16*d, 2*d + 2*n - 12486 = 0. Is d prime?
True
Let n(r) = r**3 - 5*r**2 + 31*r + 12. Is n(17) a composite number?
False
Suppose 0*r - 96 = 2*r. Let h = -24 - r. Is (-4)/(h/(-177))*2 prime?
True
Let y be -4 + (-3331)/(-3) + 8/(-6). Suppose 0 = -2*x + 3*w + y, 4*w = 3*x - x - 1104. Is x prime?
False
Let p(q) = 33*q**2 + 64*q + 162. Is p(-47) a composite number?
False
Let k(l) = 153*l - 1. Let p be k(3). Let i = -312 + p. Is i a prime number?
False
Suppose 0 = -3*s - 5*h + h - 13, 0 = 4*s - 5*h - 24. Let t be (-1)/s*(-5550)/25. Let f = 107 + t. Is f prime?
False
Let h(q) = 5*q. Let m be h(1). Suppose 13 = 6*z - m. Suppose 36 = z*p - 717. Is p a composite number?
False
Suppose -785*g = -791*g + 19626. Is g composite?
False
Let v be (-24)/(-3)*20/8.